ed by w/12*36/(-2)?
8
Suppose -78 + 22 = -4*g. Let z = 21 - g. Suppose 5*t - z = 48. Calculate the remainder when 30 is divided by t.
8
Let f(o) = 87*o**2 + o. What is the remainder when f(-1) is divided by 22?
20
Calculate the remainder when 8 is divided by 3 + -3 + 3 + 4.
1
Suppose 6 + 2 = -2*g, -2*w = -2*g - 180. Suppose -3*k - 61 = -2*d, -3*d = -d + 2*k - w. Calculate the remainder when d is divided by 13.
12
Suppose -k - 3 = -11. Calculate the remainder when k is divided by 2.
0
Let q(v) = v + 18. Calculate the remainder when 7 is divided by q(-14).
3
Let y(s) = -3*s - 3. Let n be y(-2). Let l = n + 19. Calculate the remainder when l is divided by 12.
10
Suppose -6*l + 3*l + 363 = 0. Calculate the remainder when l is divided by 31.
28
Let t = -45 - -77. What is the remainder when t is divided by 7?
4
Let k(p) = 5*p + 19. Calculate the remainder when 35 is divided by k(0).
16
Suppose -d = 2*z - 5, 0 = 4*z + 8*d - 4*d. Let x(n) = 2*n**3 - 7*n**2 - 2*n + 1. What is the remainder when x(z) is divided by 17?
15
Suppose 7*h - 2*h - 4*u = 443, 0 = 3*h + 2*u - 279. Let w = -56 + h. Suppose -4*y + 30 = -18. Calculate the remainder when w is divided by y.
11
Suppose -3*t - 5*b = -69, 11 = -2*t - 5*b + 57. Suppose 5*l + t = -142. Let a = 50 + l. What is the remainder when a is divided by 6?
5
Let z(y) be the first derivative of -y**4/4 + 7*y**3/3 + y**2/2 - 2*y - 6. Calculate the remainder when 17 is divided by z(7).
2
Let c be -2 + 7 + (-2)/(-1). Suppose 6*w - 3*w = 0. Suppose c = -w*p + p. Calculate the remainder when 12 is divided by p.
5
Let a = 48 - 29. Calculate the remainder when 70 is divided by a.
13
Calculate the remainder when (-3 + -4)/(3/(-78)*2) is divided by 25.
16
Let u(a) be the first derivative of -a**4/4 + 4*a**3/3 + 3*a**2/2 + a + 1. What is the remainder when u(4) is divided by 7?
6
Let x(h) = -h**3 - 6*h**2 - 4*h + 5. Suppose 5*q + 35 = 5. Suppose 3*l - 52 = -7. Calculate the remainder when x(q) is divided by l.
14
Suppose -10*n + 56 = 16. What is the remainder when 4 is divided by n?
0
Suppose 0 = -2*n + 3*r + 25, -2*r - 5 - 21 = -2*n. Suppose j - 2*u = -32, 2*j = 6*j + 3*u + 183. What is the remainder when 2 + -1 - (2 + j) is divided by n?
13
What is the remainder when 658/6 + 4/(-6) is divided by 22?
21
Suppose 0 = 5*h - 3*n + 3, 3*n - 2 = -3*h + 1. Suppose -3*r + h*r + 6 = 0. Let w(v) = -v**2 - 4*v + 3. Calculate the remainder when w(-4) is divided by r.
1
Suppose 36 = -4*u - 0*u. Let q = u - -15. Calculate the remainder when 11 is divided by q.
5
Let g(p) = -p**2 - 13*p + 6. What is the remainder when g(-10) is divided by 13?
10
Suppose -4*t + 391 = -2*v + 149, -2*v - 53 = -t. Suppose -5*y + 33 + 47 = 0. What is the remainder when t is divided by y?
15
Suppose -3*k + 2*p + 1616 = 0, -k = -2*k + 5*p + 530. What is the remainder when (k/(-63))/((-1)/7) is divided by 21?
18
Suppose -a = -z - 20, -28 = a - 3*a + 5*z. Calculate the remainder when a is divided by 7.
3
Let o = 5 - 8. Let c be ((-16)/(-10))/(o/(-15)). Suppose -n + 2*p = -12, 3*p - c = 3*n - 8*n. What is the remainder when 7 is divided by n?
3
Suppose 0 = -z + 7 - 1. Suppose -g - 2*g + 3*q + 21 = 0, -4*g + 20 = -2*q. Let b = z + g. What is the remainder when 26 is divided by b?
8
Let j = -58 + 78. Calculate the remainder when 59 is divided by j.
19
Suppose 2*h + 14 - 58 = 0. What is the remainder when h is divided by 8?
6
Suppose -4 = p + 5*x + 4, -44 = -4*p - x. Let v be ((-3)/2)/((-2)/p). Let b = v + -5. Calculate the remainder when 7 is divided by b.
3
Suppose -5*s + 3 = 2*o, s + 3*o = -0 - 2. Let k(r) = 47*r**3 - r**2 + 2*r - 1. What is the remainder when k(s) is divided by 16?
15
Let y(s) = s**2 + 3*s + 6. What is the remainder when 23 is divided by y(-3)?
5
Let l(d) = -6*d + 5. Let v(j) = 6*j - 6. Let o(n) = 3*l(n) + 2*v(n). Calculate the remainder when o(-3) is divided by 6.
3
Let g = 5 + -12. Let q be 4/14 - (-44)/g. What is the remainder when 14 is divided by (12/(-9))/(1/q)?
6
Let g = 5 - 17. Let r(n) = n**3 + 2*n + 2. Let q be r(-3). Let w = g - q. Calculate the remainder when w is divided by 7.
5
Suppose 10*p + 290 = 15*p. Calculate the remainder when p is divided by 12.
10
Let q(b) = 5*b + 7. What is the remainder when q(5) is divided by 17?
15
Let z = -11 - -28. Let f = z - -4. What is the remainder when 61 is divided by f?
19
Suppose -p - 3*z - 5 = 0, 3*z = 5*p + z + 59. What is the remainder when (-22)/(-4)*2/1 is divided by (-4)/(-22) - 64/p?
5
What is the remainder when 14 - (-6 + 2 + 6) is divided by 7?
5
Let m be (4/1)/(-1 + 0). What is the remainder when (-70)/(-6) - m/(-6) is divided by 3?
2
Let l be (-46)/(-14) - (-2)/(-7). Calculate the remainder when 22 is divided by (-9)/l - (-11 - 0).
6
Suppose 0 = -5*u - 1 - 14. Calculate the remainder when 14 is divided by 15 + -1 + -3 + u.
6
Suppose -7*z + 25 = -6*z. What is the remainder when 74 is divided by z?
24
Let i be 29/9 - 6/27. Let f(g) = 7*g - 4. What is the remainder when f(i) is divided by 9?
8
Suppose 1 = 5*f - 4*v - 45, f = -3*v + 13. Calculate the remainder when 97 is divided by f.
7
Let c = -234 - -253. Calculate the remainder when c is divided by (-18)/(-4) + 2/(-4).
3
Suppose -6*h + 4*h + 24 = 0. What is the remainder when 33 is divided by h?
9
Let c(j) = 40*j**2 - 2*j + 1. What is the remainder when c(1) is divided by (-9 - 1)*(-7 + 6)?
9
Let j(v) = -v**3 + 7*v**2 + v - 4. What is the remainder when j(6) is divided by 21?
17
Suppose -3*t + 17 = 2*u, 3*u - t = 3*t. What is the remainder when (-6)/((-6)/5) + 9 is divided by u?
2
Suppose 5*z - 6 = 4, 0 = 2*n - 3*z - 44. Calculate the remainder when n is divided by -1 - 1 - (-75)/5.
12
Let g(d) = -d - 11. Suppose -3 = c - 8. Suppose 8*j - 5*j - 4*t = 26, 5*j - c*t = 35. What is the remainder when j is divided by g(-12)?
0
Suppose 4*n + 0*n = 12. Calculate the remainder when 9 is divided by ((-3)/5)/(n/(-15)).
0
Let r be (-42)/(-8) - 2/8. Let c = r - -2. What is the remainder when 20 is divided by c?
6
Suppose -f = 3, f = -3*x + 4*f + 54. What is the remainder when x is divided by 4?
3
What is the remainder when (8 + -3 - -74) + (-2)/2 is divided by 20?
18
Suppose -6 - 8 = -b. What is the remainder when 69 is divided by b?
13
Let l = 41 + -30. Calculate the remainder when l is divided by 4.
3
Let b = -15 - -38. What is the remainder when b is divided by 6?
5
Let z = 4 - 10. Let k(l) = -l**3 - 4*l**2 + 9*l + 1. Let p be k(z). Suppose h = -0*h + p. Calculate the remainder when h is divided by 7.
5
Let t(b) = b**2 - 10*b + 3. Let k be t(7). Let j = -13 - k. Suppose 0 = -3*y + 5*g + 37, 21 = -j*y + 3*g + 72. What is the remainder when y is divided by 5?
4
Suppose 0 = -7*s + 4*s. Suppose 5*o + 4*g = 80, s*o = -4*o + g + 85. What is the remainder when o is divided by 7?
6
Let f = -6 + 8. Let q(r) = -2*r**3 + r + 1. Let t be q(f). Let w = t + 23. Calculate the remainder when 29 is divided by w.
9
Let v(u) = 4*u - 3. Let a be v(3). Suppose 41 = c + a. Calculate the remainder when c is divided by 17.
15
Suppose 6 = -0*x + x. Let j = -27 - -49. What is the remainder when j is divided by x?
4
Suppose -4*w = -15 - 17. Calculate the remainder when (56/70)/(2/50) is divided by w.
4
Let p = 22 - 9. Suppose n - 4*m - p = 0, m + 20 = n + 4*m. What is the remainder when 32 is divided by n?
15
Suppose -8*r + 533 = -99. What is the remainder when r is divided by 16?
15
Let o = -13 - -26. Let p = -10 + o. What is the remainder when 1/(p - 68/23) is divided by 8?
7
Suppose -16 = 8*g - 136. Let s = 2 - 8. Let r = s - -34. Calculate the remainder when r is divided by g.
13
Let c = -54 + 95. Let y = -12 + 23. Calculate the remainder when c is divided by y.
8
Let t = 5 - -9. Calculate the remainder when 55 is divided by t.
13
Suppose 0 = 4*b - 4 - 4. Let d be 3 - ((-10)/2 + 2). Suppose 3*g + 3 - d = 0. Calculate the remainder when b is divided by g.
0
Suppose -70*m + 110 = -65*m. What is the remainder when m is divided by 10?
2
Suppose -r = -2*r + 4*p + 26, r + 2*p = 2. Calculate the remainder when r is divided by 3.
1
Let x = -1 - -1. Suppose x = s - 6 - 18. Let q = 8 - -5. What is the remainder when s is divided by q?
11
Suppose 4*c = 2*p - 8 - 8, -2*p + 3*c = -13. What is the remainder when 5 is divided by p?
1
Suppose -o - 80 = -2*o - z, 0 = z - 1. Suppo